 = 112*f - 121*f. What are the prime factors of f?
2, 41
Let d = 205 - -1006. What are the prime factors of d?
7, 173
Let d = 61 - 59. List the prime factors of (0 - 3/d)/((-2)/212).
3, 53
Let j be ((-25)/(-10) + -2)*122. Suppose -g + 0*g = -j. List the prime factors of g.
61
Let i(f) = f**2 - 2*f - 10. Suppose -3*w + 26 = -d, 5*d = -2*w - 0*d - 11. Let p be i(w). What are the prime factors of (-10)/p + 132/5?
2, 13
Let z(h) = h**2 - 2. Let v be z(3). Let a(i) = -13*i - 5. Let b(k) = -3*k + 1. Let f(y) = -a(y) + 4*b(y). What are the prime factors of f(v)?
2
Suppose 0 = -33*a + 36*a - 48. Suppose 2*b = -3*b - k + 16, b - 8 = k. Suppose b*z - a = -0*z. List the prime factors of z.
2
Suppose -8*w = -3*w - 10. Suppose -2*h = -w*u - 150, 0*u - 4*u - 227 = -3*h. What are the prime factors of h?
73
Let f(t) = -41*t**3 + 3*t**2 - 3*t - 1. List the prime factors of f(-2).
3, 5, 23
Let c be 3 - ((-8)/(-2) + -4). Let g = 0 + c. List the prime factors of g.
3
Let g(q) = -3*q**3 - 11*q**2 + 25*q - 40. What are the prime factors of g(-10)?
2, 5, 7, 23
Let w be 1*3/(-9) + 1169/(-3). Let z = 603 + w. List the prime factors of z.
3, 71
Let k = -342 - -702. What are the prime factors of k?
2, 3, 5
Let d = -183 + 565. List the prime factors of d.
2, 191
Suppose -315 = -2*q - z + 2172, q + z - 1244 = 0. List the prime factors of q.
11, 113
Let f be (-4 - -1)/((-2)/6). Let w be ((-33)/f - -3)*-3. What are the prime factors of (6/5)/(w/35)?
3, 7
Let u(n) = -12*n - 7. Let w(m) = m**2 - 8*m + 3. Let x be w(7). List the prime factors of u(x).
41
Suppose -3*u = -279 - 6. List the prime factors of u/3 + 3/9.
2
Let x(m) = -m**3 + 20*m**2 - 17*m - 8. What are the prime factors of x(9)?
2, 5, 73
Suppose 9*f + 368 = 13*f. Let t = -20 + f. What are the prime factors of t?
2, 3
Suppose 2*r = 3*c + 363 + 328, -5*c = 5*r - 1790. What are the prime factors of r?
353
Suppose 0*t - 3*t + 15 = 0. Let v be (2/t)/(2/570). What are the prime factors of (2/4)/(3/v)?
19
Let r be 2/3 + (-19)/(-3). Let p(c) = c**3 - 7*c**2 + 2*c + 3. Let o be p(r). Let f = o - 7. What are the prime factors of f?
2, 5
Suppose 3*j - 11*j = 160. What are the prime factors of ((-3393)/(-145))/((-6)/j)?
2, 3, 13
Let r(w) = 17*w - 4. Let s = 13 + -9. Let u be r(s). Let a = u + -32. List the prime factors of a.
2
Suppose 0 = 3*x + 4 + 5. Let k = x - -1. List the prime factors of k/3 + 137/3.
3, 5
Let j(y) = y**3 - 4*y**2 - 3*y - 7. Suppose 0 = 4*u - 3*i - 30, 6 = 2*u - 0*u + 3*i. What are the prime factors of j(u)?
47
List the prime factors of (-206)/(-4)*(215 - 111).
2, 13, 103
Suppose 2*m - a = a - 14, 3*m - 3 = -5*a. Let x = -2 - m. Suppose x*y + f - 4*f = 55, -3*f + 106 = 5*y. List the prime factors of y.
23
Let u be 1 + -3 + 1 - -12. Let l = -222 + 257. Let m = u + l. List the prime factors of m.
2, 23
Let j be 3/(-3)*(-2 + 2). Suppose j*p - 3*p + 334 = 5*y, -3*y + 3*p = -210. What are the prime factors of y?
2, 17
Let h(g) = -3*g + 22. Let i be h(-12). Suppose -2*b + 44 = -i. What are the prime factors of b?
3, 17
Let n = -2 - 4. Let l be n/(-27) + 6/(-27). Suppose l = -6*t + 10*t - 44. List the prime factors of t.
11
Let u = 99 - 52. Let n = u - 7. What are the prime factors of n?
2, 5
Let u be ((-12 - -6)/(-6))/(1/3). Let r be (4/5)/(8/60). Suppose -60 = -u*o + r. List the prime factors of o.
2, 11
Let o(y) = 96*y. Let u be o(-2). List the prime factors of (-1)/((-3)/u*-2).
2
Suppose 0 = 13*h - 22*h + 1647. List the prime factors of h.
3, 61
Suppose 13*a - 23227 = 20856. What are the prime factors of a?
3391
Let c(k) = 12*k - 2. Let m be c(-14). Let a = 35 - m. List the prime factors of a.
5, 41
Let b be (4/3)/(2/3). Suppose -o = -5, 6*j = b*j + 2*o + 114. List the prime factors of j.
31
Suppose 0 = -5*z - 10, c + 718 = 2*c + z. Suppose v + 3*m = 5*m + 135, m + c = 5*v. Suppose 0*u = 5*u - v. What are the prime factors of u?
29
Let c(m) be the second derivative of 2*m**4/3 - m**3/6 - m**2/2 + m. Suppose x - 24 = 13*x. What are the prime factors of c(x)?
3, 11
Suppose 2*q = 4*s + 6 + 20, 5*q = -s + 10. Suppose -2*h + 1 = -q. List the prime factors of h.
2
What are the prime factors of 15615/5 + (6 - (-4 - -6))?
53, 59
Let d be (3 - 36/4)*28/(-6). What are the prime factors of (1*(-679)/d)/((-2)/8)?
97
Let x(m) = -107*m + 446. List the prime factors of x(-8).
2, 3, 7, 31
Let t be 3/2 - 6/(-4). Suppose z + t*p = 15, -2*z - 3*z + p = -11. What are the prime factors of 26*(z/6)/1?
13
Let u = -626 - -995. What are the prime factors of u?
3, 41
Let r = -6 + 4. Let u be 598/22 + r/11. List the prime factors of (0 - -5)/(3/u).
3, 5
Let h be (-1797)/(-18) - -1 - 3/(-18). Let y = h + -39. What are the prime factors of y?
2, 31
Let z be 1165/20 - 3/12. Let d = 31 - z. What are the prime factors of -3 - -3 - 2 - d?
5
What are the prime factors of -4*(-653)/2 - (-60 + 58)?
2, 3, 109
Let w(v) = v - 1. Let g be w(3). Suppose -5*x + 123 = -g. What are the prime factors of x?
5
List the prime factors of (-3 + -1)/((-8)/436).
2, 109
Suppose 4*y - 8*y = 4*k - 72, 4*y - 74 = -3*k. List the prime factors of (-4)/(4 - 82/y).
2, 5
Let x = 64 + -98. What are the prime factors of 69/(4 - x/(-10))?
5, 23
What are the prime factors of 544 + -38 + -1 + -3?
2, 251
Let a = -644 - -4482. List the prime factors of a.
2, 19, 101
Let v(i) = -3*i. Suppose -3*n - 6 = 0, 5*n + 0 = 3*t - 1. Let u be v(t). Suppose u*r = 4*r + 100. List the prime factors of r.
2, 5
Suppose -10 + 2 = -4*p. Suppose -o = p*o. Suppose -j - 13 + 37 = o. List the prime factors of j.
2, 3
Let d = 3555 - 1478. What are the prime factors of d?
31, 67
Let s = 267 + -102. List the prime factors of s.
3, 5, 11
Let d be (21/14)/(2/4). Suppose -7 = -d*b - 2*w, -6*w + w - 5 = 3*b. Let z(u) = 2*u + 8. What are the prime factors of z(b)?
2, 3
Let k be (-3)/3 - 9/(-3). Suppose 8*w - 3*w = -3*d + 555, -333 = -3*w + k*d. What are the prime factors of w?
3, 37
Suppose 0 = -j + 4*w + 7, -5*j + 6*w + 65 = w. Suppose j = -d + 55. Let s = 6 + d. List the prime factors of s.
2, 23
Suppose 4*b + 163 = m, 287 = 4*m - b - 350. Let t = m + -79. Suppose 0 = -0*h - 5*h + t. List the prime factors of h.
2
What are the prime factors of -1 + (66045/25 - 7/(-35))?
19, 139
Let i(z) = -2*z**2 - 11*z - 29 - 20 + 51 - z. Let v be i(-5). What are the prime factors of 45/(-6)*(-64)/v?
2, 5
What are the prime factors of (-3)/(-6) + (-17121)/(-26)?
659
Let b(s) = s**3 + 4*s**2 - 4*s - 12. Let g be b(-4). Suppose -504 = -4*i - g*f, 3*i - 321 - 51 = -f. What are the prime factors of i?
3, 41
Let c(d) = 42*d + 1. Let s be c(4). Suppose 0 = -5*f + 401 + s. Suppose 3*p = f - 33. List the prime factors of p.
3
Let r = 93 - 48. Suppose -2*m = -3*m + r. Suppose -2*k = -5*k + m. List the prime factors of k.
3, 5
Let n(s) = 6*s**3 - 4*s**2 - 14*s + 1. What are the prime factors of n(6)?
1069
Suppose -z + 3*z + 4*j = -18, 0 = -2*z - 2*j - 8. Let r be 3 + z + 7 + -3. Suppose 3*a + r = 113. What are the prime factors of a?
5, 7
Let q(c) = -c**3 - 9*c**2 + 10*c - 8. Let z be q(-10). Let g be (-6 - z) + (1 - 3). List the prime factors of (-84)/(g + 4)*-1.
3, 7
Let v(r) = 9*r**2 - r - 31. Let f(q) = -25*q**2 + 3*q + 93. Let o(g) = 4*f(g) + 11*v(g). Let y = 1 - 1. List the prime factors of o(y).
31
What are the prime factors of ((-958)/(-6) - 1) + (-44)/(-33)?
2, 5
Suppose -y + 2*y - 851 = -5*u, 5*y - 4228 = 2*u. Suppose y = 5*o - 99. What are the prime factors of o?
3, 7
Let u = 657 + 377. List the prime factors of u.
2, 11, 47
Suppose 6*g = -1927 + 6331. List the prime factors of g.
2, 367
Suppose 4*h + 16 = z, 3*z - h + 0*h = -7. Let s be 7 - 6*(-2)/z. Suppose 12 = -s*a, -3*b = -8*b + 5*a + 250. List the prime factors of b.
47
Let q = -181 - -333. Suppose 5*k - q = -v, -4*v + 5*v - 155 = -4*k. What are the prime factors of v?
167
Suppose -3*q + 4*q = 0. Suppose 2*v - 100 - 32 = q. Suppose 0 = 4*a - 14 - v. What are the prime factors of a?
2, 5
Suppose -7253 - 3072 = -25*w. What are the prime factors of w?
7, 59
Suppose -2*r = 5*k - 15, 4*r - 4*k + 44 = 4. What are the prime factors of 2/5 + (-213)/r?
43
Suppose -660 = -4*f + l + 1501, 2*l = -2*f + 1088. What are the prime factors of f?
541
Let o(p) = -4*p + 23. Let w(c) = 13*c - 69. Let j(x) = 17*o(x) + 6*w(x). List the prime factors of j(17).
3, 7
Suppose 5*b = 